{"id":337,"date":"2019-03-03T11:56:56","date_gmt":"2019-03-03T10:56:56","guid":{"rendered":"http:\/\/rninet-scrambler.com\/?page_id=337"},"modified":"2024-12-27T09:05:48","modified_gmt":"2024-12-27T08:05:48","slug":"tourenseite-1999-bis-2011","status":"publish","type":"page","link":"https:\/\/rninet-scrambler.com\/?page_id=337","title":{"rendered":"Tourenseite 1999 bis 2011"},"content":{"rendered":"<p><a href=\"https:\/\/jensbiertz.cloud\/biertz.de\/Urlaubsrunde2009.html\" target=\"_blank\" rel=\"noreferrer noopener\">Urlaubsrunde Juli 2009<\/a><\/p>\n<p><a href=\"https:\/\/jensbiertz.cloud\/biertz.de\/Spitzingsee2009.html\" target=\"_blank\" rel=\"noreferrer noopener\">Spitzingsee Mai 2009<\/a><\/p>\n<p><a href=\"https:\/\/jensbiertz.email\/biertz.de\/MT2008.html\" target=\"_blank\" rel=\"noreferrer noopener\" aria-label=\" (\u00f6ffnet in neuem Tab)\">Mopedtour Th\u00fcringen 2008<\/a><\/p>\n<p><a href=\"https:\/\/jensbiertz.email\/biertz.de\/Bayrischerwald2007.html\" target=\"_blank\" rel=\"noreferrer noopener\">Bayrischer Wald 2007<\/a><\/p>\n<p><a href=\"https:\/\/jensbiertz.email\/biertz.de\/Fruehjahr2007.html\" target=\"_blank\" rel=\"noreferrer noopener\">Fr\u00fchjahrstour M\u00e4rz 2007<\/a><\/p>\n<p><a href=\"https:\/\/jensbiertz.email\/biertz.de\/Alpen2006.html\" target=\"_blank\" rel=\"noreferrer noopener\">Alpentour 2006<\/a><\/p>\n<p><a href=\"https:\/\/jensbiertz.email\/biertz.de\/Pfingsten2006.html\" target=\"_blank\" rel=\"noreferrer noopener\">Pfingsttour 2006<\/a><\/p>\n<p><a href=\"https:\/\/jensbiertz.email\/biertz.de\/Westerwald2006.html\" target=\"_blank\" rel=\"noreferrer noopener\">Westerwaldtour 2006<\/a><\/p>\n<p><a href=\"https:\/\/jensbiertz.email\/biertz.de\/OVP.html\" target=\"_blank\" rel=\"noreferrer noopener\">OVP Tour 2005<\/a><\/p>\n<p><a href=\"https:\/\/jensbiertz.email\/biertz.de\/Fronleichnam.html\" target=\"_blank\" rel=\"noreferrer noopener\">Fronleichnamtour 2005<\/a><\/p>\n<p><a href=\"https:\/\/jensbiertz.email\/biertz.de\/Weser.html\" target=\"_blank\" rel=\"noreferrer noopener\">Wesertour 2005<\/a><\/p>\n<p><a href=\"https:\/\/jensbiertz.email\/biertz.de\/Tour2004.html\" target=\"_blank\" rel=\"noreferrer noopener\">Tour 2004<\/a><\/p>\n<p><a href=\"https:\/\/jensbiertz.email\/biertz.de\/Alpen.html\" target=\"_blank\" rel=\"noreferrer noopener\">Alpentour mit Berti 1999<\/a><\/p>\n","protected":false},"excerpt":{"rendered":"<p>Urlaubsrunde Juli 2009 Spitzingsee Mai 2009 Mopedtour Th\u00fcringen 2008 Bayrischer Wald 2007 Fr\u00fchjahrstour M\u00e4rz 2007 Alpentour 2006 Pfingsttour 2006 Westerwaldtour 2006 OVP Tour 2005 Fronleichnamtour 2005 Wesertour 2005 Tour 2004 Alpentour mit Berti 1999<\/p>\n","protected":false},"author":1,"featured_media":0,"parent":232,"menu_order":0,"comment_status":"closed","ping_status":"closed","template":"","meta":{"jetpack_post_was_ever_published":false,"footnotes":""},"class_list":["post-337","page","type-page","status-publish","hentry"],"jetpack_likes_enabled":true,"jetpack_shortlink":"https:\/\/wp.me\/PdiVqQ-5r","jetpack_sharing_enabled":true,"_links":{"self":[{"href":"https:\/\/rninet-scrambler.com\/index.php?rest_route=\/wp\/v2\/pages\/337","targetHints":{"allow":["GET"]}}],"collection":[{"href":"https:\/\/rninet-scrambler.com\/index.php?rest_route=\/wp\/v2\/pages"}],"about":[{"href":"https:\/\/rninet-scrambler.com\/index.php?rest_route=\/wp\/v2\/types\/page"}],"author":[{"embeddable":true,"href":"https:\/\/rninet-scrambler.com\/index.php?rest_route=\/wp\/v2\/users\/1"}],"replies":[{"embeddable":true,"href":"https:\/\/rninet-scrambler.com\/index.php?rest_route=%2Fwp%2Fv2%2Fcomments&post=337"}],"version-history":[{"count":2,"href":"https:\/\/rninet-scrambler.com\/index.php?rest_route=\/wp\/v2\/pages\/337\/revisions"}],"predecessor-version":[{"id":2833,"href":"https:\/\/rninet-scrambler.com\/index.php?rest_route=\/wp\/v2\/pages\/337\/revisions\/2833"}],"up":[{"embeddable":true,"href":"https:\/\/rninet-scrambler.com\/index.php?rest_route=\/wp\/v2\/pages\/232"}],"wp:attachment":[{"href":"https:\/\/rninet-scrambler.com\/index.php?rest_route=%2Fwp%2Fv2%2Fmedia&parent=337"}],"curies":[{"name":"wp","href":"https:\/\/api.w.org\/{rel}","templated":true}]}}

<p><a href="https://jensbiertz.cloud/biertz.de/Urlaubsrunde2009.html" target="_blank" rel="noreferrer noopener">Urlaubsrunde Juli 2009</a></p>
<p><a href="https://jensbiertz.cloud/biertz.de/Spitzingsee2009.html" target="_blank" rel="noreferrer noopener">Spitzingsee Mai 2009</a></p>
<p><a href="https://jensbiertz.email/biertz.de/MT2008.html" target="_blank" rel="noreferrer noopener" aria-label=" (öffnet in neuem Tab)">Mopedtour Thüringen 2008</a></p>
<p><a href="https://jensbiertz.email/biertz.de/Bayrischerwald2007.html" target="_blank" rel="noreferrer noopener">Bayrischer Wald 2007</a></p>
<p><a href="https://jensbiertz.email/biertz.de/Fruehjahr2007.html" target="_blank" rel="noreferrer noopener">Frühjahrstour März 2007</a></p>
<p><a href="https://jensbiertz.email/biertz.de/Alpen2006.html" target="_blank" rel="noreferrer noopener">Alpentour 2006</a></p>
<p><a href="https://jensbiertz.email/biertz.de/Pfingsten2006.html" target="_blank" rel="noreferrer noopener">Pfingsttour 2006</a></p>
<p><a href="https://jensbiertz.email/biertz.de/Westerwald2006.html" target="_blank" rel="noreferrer noopener">Westerwaldtour 2006</a></p>
<p><a href="https://jensbiertz.email/biertz.de/OVP.html" target="_blank" rel="noreferrer noopener">OVP Tour 2005</a></p>
<p><a href="https://jensbiertz.email/biertz.de/Fronleichnam.html" target="_blank" rel="noreferrer noopener">Fronleichnamtour 2005</a></p>
<p><a href="https://jensbiertz.email/biertz.de/Weser.html" target="_blank" rel="noreferrer noopener">Wesertour 2005</a></p>
<p><a href="https://jensbiertz.email/biertz.de/Tour2004.html" target="_blank" rel="noreferrer noopener">Tour 2004</a></p>
<p><a href="https://jensbiertz.email/biertz.de/Alpen.html" target="_blank" rel="noreferrer noopener">Alpentour mit Berti 1999</a></p>

<p>Urlaubsrunde Juli 2009 Spitzingsee Mai 2009 Mopedtour Thüringen 2008 Bayrischer Wald 2007 Frühjahrstour März 2007 Alpentour 2006 Pfingsttour 2006 Westerwaldtour 2006 OVP Tour 2005 Fronleichnamtour 2005 Wesertour 2005 Tour 2004 Alpentour mit Berti 1999</p>
