{"id":331,"date":"2019-12-31T22:22:58","date_gmt":"2019-12-31T21:22:58","guid":{"rendered":"http:\/\/rninet-scrambler.com\/?page_id=331"},"modified":"2021-08-18T18:08:04","modified_gmt":"2021-08-18T17:08:04","slug":"touren-2019","status":"publish","type":"page","link":"https:\/\/rninet-scrambler.com\/?page_id=331","title":{"rendered":"Touren 2019"},"content":{"rendered":"<p>Hier alle Touren 2019:<\/p>\n<p><a href=\"https:\/\/rninet-scrambler.com\/?page_id=1043\" target=\"_blank\" rel=\"noopener noreferrer\">2019 &#8211; Abschlusstour<\/a><\/p>\n<p><a href=\"https:\/\/rninet-scrambler.com\/?page_id=1002\" target=\"_blank\" rel=\"noopener noreferrer\">2019 &#8211;\u00a0Th\u00fcringer Rostbratwurst in Th\u00fcringen essen Tour<\/a><\/p>\n<p><a href=\"https:\/\/rninet-scrambler.com\/?page_id=1000\" target=\"_blank\" rel=\"noopener noreferrer\">2019 &#8211; Eifel Mosel Hunsr\u00fcck Pf\u00e4lzerwald Odenwald Tour<\/a><\/p>\n<p><a href=\"https:\/\/rninet-scrambler.com\/?page_id=962\" target=\"_blank\" rel=\"noopener noreferrer\">2019 &#8211; Vatertagstour<\/a><\/p>\n<p><a href=\"http:\/\/h2833038.stratoserver.net\/wp\/bmw\/rninet-scrambler\/?page_id=2410\" target=\"_blank\" rel=\"noopener noreferrer\">2019 &#8211; CZ-DD-Lohr-Moto 6.5 Treffen am Bodensee<\/a><\/p>\n<p><a href=\"https:\/\/rninet-scrambler.com\/?page_id=1052\" target=\"_blank\" rel=\"noopener noreferrer\">2019 &#8211; EBE Motorradweihe<\/a><\/p>\n<p><a href=\"https:\/\/rninet-scrambler.com\/?page_id=948\" target=\"_blank\" rel=\"noopener noreferrer\">2019 &#8211; anders als geplant Tour<\/a><\/p>\n<p><a href=\"https:\/\/rninet-scrambler.com\/?page_id=869\" target=\"_blank\" rel=\"noopener noreferrer\">2019 &#8211; Ohne Geld und Papiere Tour<\/a><\/p>\n<p><a href=\"https:\/\/rninet-scrambler.com\/?page_id=927\" target=\"_blank\" rel=\"noopener noreferrer\">2019 &#8211; es l\u00e4uft wieder.. erste Ausfahrt..<\/a><\/p>\n","protected":false},"excerpt":{"rendered":"<p>Hier alle Touren 2019: 2019 &#8211; Abschlusstour 2019 &#8211;\u00a0Th\u00fcringer Rostbratwurst in Th\u00fcringen essen Tour 2019 &#8211; Eifel Mosel Hunsr\u00fcck Pf\u00e4lzerwald Odenwald Tour 2019 &#8211; Vatertagstour 2019 &#8211; CZ-DD-Lohr-Moto 6.5 Treffen am Bodensee 2019 &#8211; EBE Motorradweihe 2019 &#8211; anders als geplant Tour 2019 &#8211; Ohne Geld und Papiere Tour 2019 &#8211; es l\u00e4uft wieder.. erste &hellip; <\/p>\n<p class=\"link-more\"><a href=\"https:\/\/rninet-scrambler.com\/?page_id=331\" class=\"more-link\"><span class=\"screen-reader-text\">\u201eTouren 2019\u201c <\/span>weiterlesen<\/a><\/p>\n","protected":false},"author":1,"featured_media":0,"parent":232,"menu_order":0,"comment_status":"closed","ping_status":"closed","template":"","meta":{"jetpack_post_was_ever_published":false,"footnotes":""},"class_list":["post-331","page","type-page","status-publish","hentry"],"jetpack_likes_enabled":true,"jetpack_shortlink":"https:\/\/wp.me\/PdiVqQ-5l","jetpack_sharing_enabled":true,"_links":{"self":[{"href":"https:\/\/rninet-scrambler.com\/index.php?rest_route=\/wp\/v2\/pages\/331","targetHints":{"allow":["GET"]}}],"collection":[{"href":"https:\/\/rninet-scrambler.com\/index.php?rest_route=\/wp\/v2\/pages"}],"about":[{"href":"https:\/\/rninet-scrambler.com\/index.php?rest_route=\/wp\/v2\/types\/page"}],"author":[{"embeddable":true,"href":"https:\/\/rninet-scrambler.com\/index.php?rest_route=\/wp\/v2\/users\/1"}],"replies":[{"embeddable":true,"href":"https:\/\/rninet-scrambler.com\/index.php?rest_route=%2Fwp%2Fv2%2Fcomments&post=331"}],"version-history":[{"count":0,"href":"https:\/\/rninet-scrambler.com\/index.php?rest_route=\/wp\/v2\/pages\/331\/revisions"}],"up":[{"embeddable":true,"href":"https:\/\/rninet-scrambler.com\/index.php?rest_route=\/wp\/v2\/pages\/232"}],"wp:attachment":[{"href":"https:\/\/rninet-scrambler.com\/index.php?rest_route=%2Fwp%2Fv2%2Fmedia&parent=331"}],"curies":[{"name":"wp","href":"https:\/\/api.w.org\/{rel}","templated":true}]}}