{"id":3105,"date":"2025-06-12T22:22:41","date_gmt":"2025-06-12T20:22:41","guid":{"rendered":"https:\/\/rninet-scrambler.com\/?page_id=3105"},"modified":"2025-06-14T08:15:56","modified_gmt":"2025-06-14T06:15:56","slug":"2025-tuev-ed-und-feierabend-tour","status":"publish","type":"page","link":"https:\/\/rninet-scrambler.com\/?page_id=3105","title":{"rendered":"2025 &#8211; T\u00dcV ED R nine T Scrambler und Feierabend Tour"},"content":{"rendered":"<p>nach dem ich so gute Erfahrungen mit dem T\u00dcV S\u00fcd in ED hatte habe ich angefragt ob der selbe Pr\u00fcfer f\u00fcr mich kurz Zeit hat. Gesagt getan am Donnerstag morgen zum T\u00dcV S\u00fcd hin und mein Lampenproblem besprochen. T\u00dcV S\u00fcd hat mir gesagt, dass die erst Pr\u00fcfung 2016 mit dem Original Scheinwerfer gemacht wurde und auch so in den Papieren steht. Wenn also die LED Lampe defekt ist kann ich den Original Scheinwerfer und die gepr\u00fcfte\/eingetragene OSRAM LED fahren. \ud83d\ude42<\/p>\n<p>Danke T\u00dcV S\u00fcd f\u00fcr die Erkl\u00e4rung!<\/p>\n<p>Linke Hand zum Gru\u00df<br \/>\nJens<\/p>\n<p>\u2014\u2014<\/p>\n<p>www.RnineT-Scrambler.de<br \/>\nwww.RnineT-Scrambler.com<br \/>\nwww.F800GSonTour.de<br \/>\nwww.JensonTour.de<\/p>\n<p>#F800GSonTour #warumichmotorradfahre #BMWF800GS #F800GS<br \/>\n#RnineTScrambler \u00a0 #RnineT-Scrambler<br \/>\n#RnineT_Scrambler<\/p>\n<p class=\"jetpack-slideshow-noscript robots-nocontent\">Diese Diashow ben\u00f6tigt JavaScript.<\/p><div id=\"gallery-3105-1-slideshow\" class=\"jetpack-slideshow-window jetpack-slideshow jetpack-slideshow-black\" data-trans=\"fade\" data-autostart=\"1\" data-gallery=\"[{&quot;src&quot;:&quot;https:\\\/\\\/i0.wp.com\\\/rninet-scrambler.com\\\/wp-content\\\/uploads\\\/2025\\\/06\\\/IMG_2501-scaled.jpeg?fit=1920%2C2560\\u0026ssl=1&quot;,&quot;id&quot;:&quot;3088&quot;,&quot;title&quot;:&quot;IMG_2501&quot;,&quot;alt&quot;:&quot;20250612-T\\u00dcV ED und Feierabend Tour&quot;,&quot;caption&quot;:&quot;20250612-T\\u00dcV ED und Feierabend Tour&quot;,&quot;itemprop&quot;:&quot;image&quot;},{&quot;src&quot;:&quot;https:\\\/\\\/i0.wp.com\\\/rninet-scrambler.com\\\/wp-content\\\/uploads\\\/2025\\\/06\\\/IMG_2515-scaled.jpeg?fit=2560%2C1920\\u0026ssl=1&quot;,&quot;id&quot;:&quot;3096&quot;,&quot;title&quot;:&quot;IMG_2515&quot;,&quot;alt&quot;:&quot;20250612-T\\u00dcV ED und Feierabend Tour&quot;,&quot;caption&quot;:&quot;20250612-T\\u00dcV ED und Feierabend Tour&quot;,&quot;itemprop&quot;:&quot;image&quot;},{&quot;src&quot;:&quot;https:\\\/\\\/i0.wp.com\\\/rninet-scrambler.com\\\/wp-content\\\/uploads\\\/2025\\\/06\\\/IMG_2499-scaled.jpeg?fit=2560%2C1920\\u0026ssl=1&quot;,&quot;id&quot;:&quot;3086&quot;,&quot;title&quot;:&quot;IMG_2499&quot;,&quot;alt&quot;:&quot;20250612-T\\u00dcV ED und Feierabend Tour&quot;,&quot;caption&quot;:&quot;20250612-T\\u00dcV ED und Feierabend Tour&quot;,&quot;itemprop&quot;:&quot;image&quot;},{&quot;src&quot;:&quot;https:\\\/\\\/i0.wp.com\\\/rninet-scrambler.com\\\/wp-content\\\/uploads\\\/2025\\\/06\\\/IMG_2496-scaled-e1749881153969.jpeg?fit=1732%2C2560\\u0026ssl=1&quot;,&quot;id&quot;:&quot;3083&quot;,&quot;title&quot;:&quot;IMG_2496&quot;,&quot;alt&quot;:&quot;20250612-T\\u00dcV ED und Feierabend Tour&quot;,&quot;caption&quot;:&quot;20250612-T\\u00dcV ED und Feierabend Tour&quot;,&quot;itemprop&quot;:&quot;image&quot;},{&quot;src&quot;:&quot;https:\\\/\\\/i0.wp.com\\\/rninet-scrambler.com\\\/wp-content\\\/uploads\\\/2025\\\/06\\\/IMG_2512-scaled.jpeg?fit=1920%2C2560\\u0026ssl=1&quot;,&quot;id&quot;:&quot;3093&quot;,&quot;title&quot;:&quot;IMG_2512&quot;,&quot;alt&quot;:&quot;20250612-T\\u00dcV ED und Feierabend Tour&quot;,&quot;caption&quot;:&quot;20250612-T\\u00dcV ED und Feierabend Tour&quot;,&quot;itemprop&quot;:&quot;image&quot;},{&quot;src&quot;:&quot;https:\\\/\\\/i0.wp.com\\\/rninet-scrambler.com\\\/wp-content\\\/uploads\\\/2025\\\/06\\\/IMG_2498-scaled.jpeg?fit=2560%2C1920\\u0026ssl=1&quot;,&quot;id&quot;:&quot;3085&quot;,&quot;title&quot;:&quot;IMG_2498&quot;,&quot;alt&quot;:&quot;20250612-T\\u00dcV ED und Feierabend Tour&quot;,&quot;caption&quot;:&quot;20250612-T\\u00dcV ED und Feierabend Tour&quot;,&quot;itemprop&quot;:&quot;image&quot;},{&quot;src&quot;:&quot;https:\\\/\\\/i0.wp.com\\\/rninet-scrambler.com\\\/wp-content\\\/uploads\\\/2025\\\/06\\\/IMG_2525-scaled.jpeg?fit=2560%2C1920\\u0026ssl=1&quot;,&quot;id&quot;:&quot;3101&quot;,&quot;title&quot;:&quot;IMG_2525&quot;,&quot;alt&quot;:&quot;20250612-T\\u00dcV ED und Feierabend Tour&quot;,&quot;caption&quot;:&quot;20250612-T\\u00dcV ED und Feierabend Tour&quot;,&quot;itemprop&quot;:&quot;image&quot;},{&quot;src&quot;:&quot;https:\\\/\\\/i0.wp.com\\\/rninet-scrambler.com\\\/wp-content\\\/uploads\\\/2025\\\/06\\\/IMG_2523-scaled.jpeg?fit=2560%2C1920\\u0026ssl=1&quot;,&quot;id&quot;:&quot;3099&quot;,&quot;title&quot;:&quot;IMG_2523&quot;,&quot;alt&quot;:&quot;20250612-T\\u00dcV ED und Feierabend Tour&quot;,&quot;caption&quot;:&quot;20250612-T\\u00dcV ED und Feierabend Tour&quot;,&quot;itemprop&quot;:&quot;image&quot;},{&quot;src&quot;:&quot;https:\\\/\\\/i0.wp.com\\\/rninet-scrambler.com\\\/wp-content\\\/uploads\\\/2025\\\/06\\\/IMG_2500-scaled.jpeg?fit=1920%2C2560\\u0026ssl=1&quot;,&quot;id&quot;:&quot;3087&quot;,&quot;title&quot;:&quot;IMG_2500&quot;,&quot;alt&quot;:&quot;20250612-T\\u00dcV ED und Feierabend Tour&quot;,&quot;caption&quot;:&quot;20250612-T\\u00dcV ED und Feierabend Tour&quot;,&quot;itemprop&quot;:&quot;image&quot;},{&quot;src&quot;:&quot;https:\\\/\\\/i0.wp.com\\\/rninet-scrambler.com\\\/wp-content\\\/uploads\\\/2025\\\/06\\\/IMG_2522-scaled.jpeg?fit=1920%2C2560\\u0026ssl=1&quot;,&quot;id&quot;:&quot;3098&quot;,&quot;title&quot;:&quot;IMG_2522&quot;,&quot;alt&quot;:&quot;20250612-T\\u00dcV ED und Feierabend Tour&quot;,&quot;caption&quot;:&quot;20250612-T\\u00dcV ED und Feierabend Tour&quot;,&quot;itemprop&quot;:&quot;image&quot;},{&quot;src&quot;:&quot;https:\\\/\\\/i0.wp.com\\\/rninet-scrambler.com\\\/wp-content\\\/uploads\\\/2025\\\/06\\\/IMG_2497-scaled-e1749881172547.jpeg?fit=1694%2C2560\\u0026ssl=1&quot;,&quot;id&quot;:&quot;3084&quot;,&quot;title&quot;:&quot;IMG_2497&quot;,&quot;alt&quot;:&quot;20250612-T\\u00dcV ED und Feierabend Tour&quot;,&quot;caption&quot;:&quot;20250612-T\\u00dcV ED und Feierabend Tour&quot;,&quot;itemprop&quot;:&quot;image&quot;},{&quot;src&quot;:&quot;https:\\\/\\\/i0.wp.com\\\/rninet-scrambler.com\\\/wp-content\\\/uploads\\\/2025\\\/06\\\/IMG_2510-scaled.jpeg?fit=1920%2C2560\\u0026ssl=1&quot;,&quot;id&quot;:&quot;3091&quot;,&quot;title&quot;:&quot;IMG_2510&quot;,&quot;alt&quot;:&quot;20250612-T\\u00dcV ED und Feierabend Tour&quot;,&quot;caption&quot;:&quot;20250612-T\\u00dcV ED und Feierabend Tour&quot;,&quot;itemprop&quot;:&quot;image&quot;},{&quot;src&quot;:&quot;https:\\\/\\\/i0.wp.com\\\/rninet-scrambler.com\\\/wp-content\\\/uploads\\\/2025\\\/06\\\/IMG_2513-scaled.jpeg?fit=1920%2C2560\\u0026ssl=1&quot;,&quot;id&quot;:&quot;3094&quot;,&quot;title&quot;:&quot;IMG_2513&quot;,&quot;alt&quot;:&quot;20250612-T\\u00dcV ED und Feierabend Tour&quot;,&quot;caption&quot;:&quot;20250612-T\\u00dcV ED und Feierabend Tour&quot;,&quot;itemprop&quot;:&quot;image&quot;},{&quot;src&quot;:&quot;https:\\\/\\\/i0.wp.com\\\/rninet-scrambler.com\\\/wp-content\\\/uploads\\\/2025\\\/06\\\/IMG_2516-scaled.jpeg?fit=2560%2C1920\\u0026ssl=1&quot;,&quot;id&quot;:&quot;3097&quot;,&quot;title&quot;:&quot;IMG_2516&quot;,&quot;alt&quot;:&quot;20250612-T\\u00dcV ED und Feierabend Tour&quot;,&quot;caption&quot;:&quot;20250612-T\\u00dcV ED und Feierabend Tour&quot;,&quot;itemprop&quot;:&quot;image&quot;},{&quot;src&quot;:&quot;https:\\\/\\\/i0.wp.com\\\/rninet-scrambler.com\\\/wp-content\\\/uploads\\\/2025\\\/06\\\/IMG_2502-scaled.jpeg?fit=1920%2C2560\\u0026ssl=1&quot;,&quot;id&quot;:&quot;3089&quot;,&quot;title&quot;:&quot;IMG_2502&quot;,&quot;alt&quot;:&quot;20250612-T\\u00dcV ED und Feierabend Tour&quot;,&quot;caption&quot;:&quot;20250612-T\\u00dcV ED und Feierabend Tour&quot;,&quot;itemprop&quot;:&quot;image&quot;},{&quot;src&quot;:&quot;https:\\\/\\\/i0.wp.com\\\/rninet-scrambler.com\\\/wp-content\\\/uploads\\\/2025\\\/06\\\/IMG_2488-scaled.jpeg?fit=1920%2C2560\\u0026ssl=1&quot;,&quot;id&quot;:&quot;3082&quot;,&quot;title&quot;:&quot;IMG_2488&quot;,&quot;alt&quot;:&quot;20250611-Freddy und Fee&quot;,&quot;caption&quot;:&quot;20250611-Freddy und Fee&quot;,&quot;itemprop&quot;:&quot;image&quot;},{&quot;src&quot;:&quot;https:\\\/\\\/i0.wp.com\\\/rninet-scrambler.com\\\/wp-content\\\/uploads\\\/2025\\\/06\\\/IMG_2524-scaled.jpeg?fit=1920%2C2560\\u0026ssl=1&quot;,&quot;id&quot;:&quot;3100&quot;,&quot;title&quot;:&quot;IMG_2524&quot;,&quot;alt&quot;:&quot;20250612-T\\u00dcV ED und Feierabend Tour&quot;,&quot;caption&quot;:&quot;20250612-T\\u00dcV ED und Feierabend Tour&quot;,&quot;itemprop&quot;:&quot;image&quot;},{&quot;src&quot;:&quot;https:\\\/\\\/i0.wp.com\\\/rninet-scrambler.com\\\/wp-content\\\/uploads\\\/2025\\\/06\\\/IMG_2529-scaled.jpeg?fit=1235%2C2560\\u0026ssl=1&quot;,&quot;id&quot;:&quot;3104&quot;,&quot;title&quot;:&quot;IMG_2529&quot;,&quot;alt&quot;:&quot;20250612-T\\u00dcV ED und Feierabend Tour&quot;,&quot;caption&quot;:&quot;20250612-T\\u00dcV ED und Feierabend Tour&quot;,&quot;itemprop&quot;:&quot;image&quot;},{&quot;src&quot;:&quot;https:\\\/\\\/i0.wp.com\\\/rninet-scrambler.com\\\/wp-content\\\/uploads\\\/2025\\\/06\\\/IMG_2511-scaled.jpeg?fit=1920%2C2560\\u0026ssl=1&quot;,&quot;id&quot;:&quot;3092&quot;,&quot;title&quot;:&quot;IMG_2511&quot;,&quot;alt&quot;:&quot;20250612-T\\u00dcV ED und Feierabend Tour&quot;,&quot;caption&quot;:&quot;20250612-T\\u00dcV ED und Feierabend Tour&quot;,&quot;itemprop&quot;:&quot;image&quot;},{&quot;src&quot;:&quot;https:\\\/\\\/i0.wp.com\\\/rninet-scrambler.com\\\/wp-content\\\/uploads\\\/2025\\\/06\\\/IMG_2514-scaled.jpeg?fit=2560%2C1920\\u0026ssl=1&quot;,&quot;id&quot;:&quot;3095&quot;,&quot;title&quot;:&quot;IMG_2514&quot;,&quot;alt&quot;:&quot;20250612-T\\u00dcV ED und Feierabend Tour&quot;,&quot;caption&quot;:&quot;20250612-T\\u00dcV ED und Feierabend Tour&quot;,&quot;itemprop&quot;:&quot;image&quot;}]\" itemscope itemtype=\"https:\/\/schema.org\/ImageGallery\"><\/div>\n","protected":false},"excerpt":{"rendered":"<p>nach dem ich so gute Erfahrungen mit dem T\u00dcV S\u00fcd in ED hatte habe ich angefragt ob der selbe Pr\u00fcfer f\u00fcr mich kurz Zeit hat. Gesagt getan am Donnerstag morgen zum T\u00dcV S\u00fcd hin und mein Lampenproblem besprochen. T\u00dcV S\u00fcd hat mir gesagt, dass die erst Pr\u00fcfung 2016 mit dem Original Scheinwerfer gemacht wurde und &hellip; <\/p>\n<p class=\"link-more\"><a href=\"https:\/\/rninet-scrambler.com\/?page_id=3105\" class=\"more-link\"><span class=\"screen-reader-text\">\u201e2025 &#8211; T\u00dcV ED R nine T Scrambler und Feierabend Tour\u201c <\/span>weiterlesen<\/a><\/p>\n","protected":false},"author":1,"featured_media":0,"parent":2828,"menu_order":0,"comment_status":"closed","ping_status":"closed","template":"","meta":{"jetpack_post_was_ever_published":false,"footnotes":""},"class_list":["post-3105","page","type-page","status-publish","hentry"],"jetpack_likes_enabled":true,"jetpack_shortlink":"https:\/\/wp.me\/PdiVqQ-O5","jetpack_sharing_enabled":true,"_links":{"self":[{"href":"https:\/\/rninet-scrambler.com\/index.php?rest_route=\/wp\/v2\/pages\/3105","targetHints":{"allow":["GET"]}}],"collection":[{"href":"https:\/\/rninet-scrambler.com\/index.php?rest_route=\/wp\/v2\/pages"}],"about":[{"href":"https:\/\/rninet-scrambler.com\/index.php?rest_route=\/wp\/v2\/types\/page"}],"author":[{"embeddable":true,"href":"https:\/\/rninet-scrambler.com\/index.php?rest_route=\/wp\/v2\/users\/1"}],"replies":[{"embeddable":true,"href":"https:\/\/rninet-scrambler.com\/index.php?rest_route=%2Fwp%2Fv2%2Fcomments&post=3105"}],"version-history":[{"count":2,"href":"https:\/\/rninet-scrambler.com\/index.php?rest_route=\/wp\/v2\/pages\/3105\/revisions"}],"predecessor-version":[{"id":3108,"href":"https:\/\/rninet-scrambler.com\/index.php?rest_route=\/wp\/v2\/pages\/3105\/revisions\/3108"}],"up":[{"embeddable":true,"href":"https:\/\/rninet-scrambler.com\/index.php?rest_route=\/wp\/v2\/pages\/2828"}],"wp:attachment":[{"href":"https:\/\/rninet-scrambler.com\/index.php?rest_route=%2Fwp%2Fv2%2Fmedia&parent=3105"}],"curies":[{"name":"wp","href":"https:\/\/api.w.org\/{rel}","templated":true}]}}