{"id":2403,"date":"2024-05-12T22:22:01","date_gmt":"2024-05-12T20:22:01","guid":{"rendered":"https:\/\/rninet-scrambler.com\/?page_id=2403"},"modified":"2024-05-14T15:31:22","modified_gmt":"2024-05-14T13:31:22","slug":"2024-tour-ohne-infos-und-bilder","status":"publish","type":"page","link":"https:\/\/rninet-scrambler.com\/?page_id=2403","title":{"rendered":"2024 &#8211; Tour ohne Infos und Bilder"},"content":{"rendered":"<p>irgendwie konnte ich Sonntag spontan nochmal fahren und da hat das Tracking nicht geklappt. Jetzt gibt es nur ein leckeres Essensbild wo ich mit Silke und R\u00fc eingekehrt bin. Danke f\u00fcr den sch\u00f6nen Tag und danke an meine Frau \ud83d\ude42 f\u00fcr die sch\u00f6nen 140km&#8230;..<\/p>\n<p class=\"jetpack-slideshow-noscript robots-nocontent\">Diese Diashow ben\u00f6tigt JavaScript.<\/p><div id=\"gallery-2403-1-slideshow\" class=\"jetpack-slideshow-window jetpack-slideshow jetpack-slideshow-black\" data-trans=\"fade\" data-autostart=\"1\" data-gallery=\"[{&quot;src&quot;:&quot;https:\\\/\\\/i0.wp.com\\\/rninet-scrambler.com\\\/wp-content\\\/uploads\\\/2024\\\/05\\\/IMG_9256-scaled.jpeg?fit=1920%2C2560\\u0026ssl=1&quot;,&quot;id&quot;:&quot;2404&quot;,&quot;title&quot;:&quot;IMG_9256&quot;,&quot;alt&quot;:&quot;20240512- kleine Runde spontan mit Silke und R\\u00fc ohne Tracking&quot;,&quot;caption&quot;:&quot;20240512- kleine Runde spontan mit Silke und R\\u00fc ohne Tracking&quot;,&quot;itemprop&quot;:&quot;image&quot;}]\" itemscope itemtype=\"https:\/\/schema.org\/ImageGallery\"><\/div>\n<p>Linke Hand zum Gru\u00df<br \/>\nJens<\/p>\n<p>\u2014\u2014<\/p>\n<p><a href=\"http:\/\/www.rninet-scrambler.de\/\" target=\"_blank\" rel=\"noopener noreferrer\" data-saferedirecturl=\"https:\/\/www.google.com\/url?q=http:\/\/www.RnineT-Scrambler.de&amp;source=gmail&amp;ust=1715539590492000&amp;usg=AOvVaw18xZaGHlgM2C8kwNkLggm5\">www.RnineT-Scrambler.de<\/a><br \/>\n<a href=\"http:\/\/www.rninet-scrambler.com\/\" target=\"_blank\" rel=\"noopener noreferrer\" data-saferedirecturl=\"https:\/\/www.google.com\/url?q=http:\/\/www.RnineT-Scrambler.com&amp;source=gmail&amp;ust=1715539590492000&amp;usg=AOvVaw3_fLjZk7d4BU09TvWPr4Ht\">www.RnineT-Scrambler.com<\/a><br \/>\n<a href=\"http:\/\/www.f800gsontour.de\/\" target=\"_blank\" rel=\"noopener noreferrer\" data-saferedirecturl=\"https:\/\/www.google.com\/url?q=http:\/\/www.F800GSonTour.de&amp;source=gmail&amp;ust=1715539590492000&amp;usg=AOvVaw0PVA-oJYsopkBIpya9aXJS\">www.F800GSonTour.de<\/a><br \/>\n<a href=\"http:\/\/www.jensontour.de\/\" target=\"_blank\" rel=\"noopener noreferrer\" data-saferedirecturl=\"https:\/\/www.google.com\/url?q=http:\/\/www.JensonTour.de&amp;source=gmail&amp;ust=1715539590492000&amp;usg=AOvVaw0shBohnrQzsdd7-q_Tov-K\">www.JensonTour.de<\/a><\/p>\n<p>#F800GSonTour #warumichmotorradfahre #BMWF800GS #F800GS<br \/>\n#RnineTScrambler\u00a0 \u00a0#RnineT-Scrambler<span style=\"color: #888888;\"><br \/>\n#RnineT_Scrambler<\/span><\/p>\n","protected":false},"excerpt":{"rendered":"<p>irgendwie konnte ich Sonntag spontan nochmal fahren und da hat das Tracking nicht geklappt. Jetzt gibt es nur ein leckeres Essensbild wo ich mit Silke und R\u00fc eingekehrt bin. Danke f\u00fcr den sch\u00f6nen Tag und danke an meine Frau \ud83d\ude42 f\u00fcr die sch\u00f6nen 140km&#8230;.. Linke Hand zum Gru\u00df Jens \u2014\u2014 www.RnineT-Scrambler.de www.RnineT-Scrambler.com www.F800GSonTour.de www.JensonTour.de #F800GSonTour &hellip; <\/p>\n<p class=\"link-more\"><a href=\"https:\/\/rninet-scrambler.com\/?page_id=2403\" class=\"more-link\"><span class=\"screen-reader-text\">\u201e2024 &#8211; Tour ohne Infos und Bilder\u201c <\/span>weiterlesen<\/a><\/p>\n","protected":false},"author":1,"featured_media":0,"parent":2100,"menu_order":0,"comment_status":"closed","ping_status":"closed","template":"","meta":{"jetpack_post_was_ever_published":false,"footnotes":""},"class_list":["post-2403","page","type-page","status-publish","hentry"],"jetpack_likes_enabled":true,"jetpack_shortlink":"https:\/\/wp.me\/PdiVqQ-CL","jetpack_sharing_enabled":true,"_links":{"self":[{"href":"https:\/\/rninet-scrambler.com\/index.php?rest_route=\/wp\/v2\/pages\/2403","targetHints":{"allow":["GET"]}}],"collection":[{"href":"https:\/\/rninet-scrambler.com\/index.php?rest_route=\/wp\/v2\/pages"}],"about":[{"href":"https:\/\/rninet-scrambler.com\/index.php?rest_route=\/wp\/v2\/types\/page"}],"author":[{"embeddable":true,"href":"https:\/\/rninet-scrambler.com\/index.php?rest_route=\/wp\/v2\/users\/1"}],"replies":[{"embeddable":true,"href":"https:\/\/rninet-scrambler.com\/index.php?rest_route=%2Fwp%2Fv2%2Fcomments&post=2403"}],"version-history":[{"count":2,"href":"https:\/\/rninet-scrambler.com\/index.php?rest_route=\/wp\/v2\/pages\/2403\/revisions"}],"predecessor-version":[{"id":2409,"href":"https:\/\/rninet-scrambler.com\/index.php?rest_route=\/wp\/v2\/pages\/2403\/revisions\/2409"}],"up":[{"embeddable":true,"href":"https:\/\/rninet-scrambler.com\/index.php?rest_route=\/wp\/v2\/pages\/2100"}],"wp:attachment":[{"href":"https:\/\/rninet-scrambler.com\/index.php?rest_route=%2Fwp%2Fv2%2Fmedia&parent=2403"}],"curies":[{"name":"wp","href":"https:\/\/api.w.org\/{rel}","templated":true}]}}