{"id":2339,"date":"2024-05-07T21:45:29","date_gmt":"2024-05-07T19:45:29","guid":{"rendered":"https:\/\/rninet-scrambler.com\/?page_id=2339"},"modified":"2024-05-07T21:46:49","modified_gmt":"2024-05-07T19:46:49","slug":"2024-umbau-anbauvorbereitung-lampeneinheit-fuer-osram-update2","status":"publish","type":"page","link":"https:\/\/rninet-scrambler.com\/?page_id=2339","title":{"rendered":"2024 \u2013 Umbau \/ Anbauvorbereitung Lampeneinheit f\u00fcr Osram UPDATE2"},"content":{"rendered":"<p>heute bekomme ich die Lampe wieder und werde alles wieder am Donnerstag montieren und Fotos an Osram schicken mit der LED Lampe in der Originalfassung. Dies wird f\u00fcr die ABE gebraucht, die dann die n\u00e4chsten Wochen verf\u00fcgbar ist.<br \/>\nAuch hier werde ich wieder berichten.<\/p>\n<p class=\"jetpack-slideshow-noscript robots-nocontent\">Diese Diashow ben\u00f6tigt JavaScript.<\/p><div id=\"gallery-2339-1-slideshow\" class=\"jetpack-slideshow-window jetpack-slideshow jetpack-slideshow-black\" data-trans=\"fade\" data-autostart=\"1\" data-gallery=\"[{&quot;src&quot;:&quot;https:\\\/\\\/i0.wp.com\\\/rninet-scrambler.com\\\/wp-content\\\/uploads\\\/2024\\\/05\\\/IMG_9091-scaled.jpeg?fit=1920%2C2560\\u0026ssl=1&quot;,&quot;id&quot;:&quot;2332&quot;,&quot;title&quot;:&quot;IMG_9091&quot;,&quot;alt&quot;:&quot;20240507 - Umbau Lampe von Osram zur\\u00fcck&quot;,&quot;caption&quot;:&quot;20240507 \\u0026#8211; Umbau Lampe von Osram zur\\u00fcck&quot;,&quot;itemprop&quot;:&quot;image&quot;},{&quot;src&quot;:&quot;https:\\\/\\\/i0.wp.com\\\/rninet-scrambler.com\\\/wp-content\\\/uploads\\\/2024\\\/05\\\/IMG_9093-scaled.jpeg?fit=1920%2C2560\\u0026ssl=1&quot;,&quot;id&quot;:&quot;2336&quot;,&quot;title&quot;:&quot;IMG_9093&quot;,&quot;alt&quot;:&quot;20240507 - Umbau Lampe von Osram zur\\u00fcck&quot;,&quot;caption&quot;:&quot;20240507 \\u0026#8211; Umbau Lampe von Osram zur\\u00fcck&quot;,&quot;itemprop&quot;:&quot;image&quot;},{&quot;src&quot;:&quot;https:\\\/\\\/i0.wp.com\\\/rninet-scrambler.com\\\/wp-content\\\/uploads\\\/2024\\\/05\\\/IMG_9088-scaled.jpeg?fit=1920%2C2560\\u0026ssl=1&quot;,&quot;id&quot;:&quot;2331&quot;,&quot;title&quot;:&quot;IMG_9088&quot;,&quot;alt&quot;:&quot;20240507 - Umbau Lampe von Osram zur\\u00fcck&quot;,&quot;caption&quot;:&quot;20240507 \\u0026#8211; Umbau Lampe von Osram zur\\u00fcck&quot;,&quot;itemprop&quot;:&quot;image&quot;},{&quot;src&quot;:&quot;https:\\\/\\\/i0.wp.com\\\/rninet-scrambler.com\\\/wp-content\\\/uploads\\\/2024\\\/05\\\/IMG_9090-scaled.jpeg?fit=1920%2C2560\\u0026ssl=1&quot;,&quot;id&quot;:&quot;2335&quot;,&quot;title&quot;:&quot;IMG_9090&quot;,&quot;alt&quot;:&quot;20240507 - Umbau Lampe von Osram zur\\u00fcck&quot;,&quot;caption&quot;:&quot;20240507 \\u0026#8211; Umbau Lampe von Osram zur\\u00fcck&quot;,&quot;itemprop&quot;:&quot;image&quot;},{&quot;src&quot;:&quot;https:\\\/\\\/i0.wp.com\\\/rninet-scrambler.com\\\/wp-content\\\/uploads\\\/2024\\\/05\\\/IMG_9089-scaled.jpeg?fit=1920%2C2560\\u0026ssl=1&quot;,&quot;id&quot;:&quot;2333&quot;,&quot;title&quot;:&quot;IMG_9089&quot;,&quot;alt&quot;:&quot;20240507 - Umbau Lampe von Osram zur\\u00fcck&quot;,&quot;caption&quot;:&quot;20240507 \\u0026#8211; Umbau Lampe von Osram zur\\u00fcck&quot;,&quot;itemprop&quot;:&quot;image&quot;},{&quot;src&quot;:&quot;https:\\\/\\\/i0.wp.com\\\/rninet-scrambler.com\\\/wp-content\\\/uploads\\\/2024\\\/05\\\/IMG_9087-scaled.jpeg?fit=1920%2C2560\\u0026ssl=1&quot;,&quot;id&quot;:&quot;2334&quot;,&quot;title&quot;:&quot;IMG_9087&quot;,&quot;alt&quot;:&quot;20240507 - Umbau Lampe von Osram zur\\u00fcck&quot;,&quot;caption&quot;:&quot;20240507 \\u0026#8211; Umbau Lampe von Osram zur\\u00fcck&quot;,&quot;itemprop&quot;:&quot;image&quot;},{&quot;src&quot;:&quot;https:\\\/\\\/i0.wp.com\\\/rninet-scrambler.com\\\/wp-content\\\/uploads\\\/2024\\\/05\\\/IMG_9092-scaled.jpeg?fit=1920%2C2560\\u0026ssl=1&quot;,&quot;id&quot;:&quot;2337&quot;,&quot;title&quot;:&quot;IMG_9092&quot;,&quot;alt&quot;:&quot;20240507 - Umbau Lampe von Osram zur\\u00fcck&quot;,&quot;caption&quot;:&quot;20240507 \\u0026#8211; Umbau Lampe von Osram zur\\u00fcck&quot;,&quot;itemprop&quot;:&quot;image&quot;}]\" itemscope itemtype=\"https:\/\/schema.org\/ImageGallery\"><\/div>\n<p>Linke Hand zum Gru\u00df<br \/>\nJens<\/p>\n<p>\u2014\u2014<\/p>\n<p>www.RnineT-Scrambler.de<br \/>\nwww.RnineT-Scrambler.com<br \/>\nwww.F800GSonTour.de<br \/>\nwww.JensonTour.de<\/p>\n<p>#F800GSonTour #warumichmotorradfahre #BMWF800GS #F800GS<br \/>\n#RnineTScrambler #RnineT-Scrambler<br \/>\n#RnineT_Scrambler<\/p>\n","protected":false},"excerpt":{"rendered":"<p>heute bekomme ich die Lampe wieder und werde alles wieder am Donnerstag montieren und Fotos an Osram schicken mit der LED Lampe in der Originalfassung. Dies wird f\u00fcr die ABE gebraucht, die dann die n\u00e4chsten Wochen verf\u00fcgbar ist. Auch hier werde ich wieder berichten. Linke Hand zum Gru\u00df Jens \u2014\u2014 www.RnineT-Scrambler.de www.RnineT-Scrambler.com www.F800GSonTour.de www.JensonTour.de #F800GSonTour &hellip; <\/p>\n<p class=\"link-more\"><a href=\"https:\/\/rninet-scrambler.com\/?page_id=2339\" class=\"more-link\"><span class=\"screen-reader-text\">\u201e2024 \u2013 Umbau \/ Anbauvorbereitung Lampeneinheit f\u00fcr Osram UPDATE2\u201c <\/span>weiterlesen<\/a><\/p>\n","protected":false},"author":1,"featured_media":0,"parent":2100,"menu_order":0,"comment_status":"closed","ping_status":"closed","template":"","meta":{"jetpack_post_was_ever_published":false,"footnotes":""},"class_list":["post-2339","page","type-page","status-publish","hentry"],"jetpack_likes_enabled":true,"jetpack_shortlink":"https:\/\/wp.me\/PdiVqQ-BJ","jetpack_sharing_enabled":true,"_links":{"self":[{"href":"https:\/\/rninet-scrambler.com\/index.php?rest_route=\/wp\/v2\/pages\/2339","targetHints":{"allow":["GET"]}}],"collection":[{"href":"https:\/\/rninet-scrambler.com\/index.php?rest_route=\/wp\/v2\/pages"}],"about":[{"href":"https:\/\/rninet-scrambler.com\/index.php?rest_route=\/wp\/v2\/types\/page"}],"author":[{"embeddable":true,"href":"https:\/\/rninet-scrambler.com\/index.php?rest_route=\/wp\/v2\/users\/1"}],"replies":[{"embeddable":true,"href":"https:\/\/rninet-scrambler.com\/index.php?rest_route=%2Fwp%2Fv2%2Fcomments&post=2339"}],"version-history":[{"count":1,"href":"https:\/\/rninet-scrambler.com\/index.php?rest_route=\/wp\/v2\/pages\/2339\/revisions"}],"predecessor-version":[{"id":2340,"href":"https:\/\/rninet-scrambler.com\/index.php?rest_route=\/wp\/v2\/pages\/2339\/revisions\/2340"}],"up":[{"embeddable":true,"href":"https:\/\/rninet-scrambler.com\/index.php?rest_route=\/wp\/v2\/pages\/2100"}],"wp:attachment":[{"href":"https:\/\/rninet-scrambler.com\/index.php?rest_route=%2Fwp%2Fv2%2Fmedia&parent=2339"}],"curies":[{"name":"wp","href":"https:\/\/api.w.org\/{rel}","templated":true}]}}